2*h - 3*x + 4 = -6*h. Suppose 0 = z - 4*m - 10, 5*z + 2*m - h = 4. What is the highest common divisor of z and 18?
2
Let b be (173/7 - (-38)/133) + 4. Let k = b - 22. What is the greatest common factor of k and 91?
7
Let o be (-6)/3 + (2 - -9). Let u = -103 + 112. Calculate the highest common factor of o and u.
9
Let p be (-9 + 25/5)/(-1). Calculate the greatest common factor of p and 120.
4
Suppose -16 = 4*t + 4*n, -2*t + 3*n = t + 24. Let f be t/(-4)*(10 - -8). What is the highest common factor of 108 and f?
27
Let j be 2712/60 - (-1)/(-10)*2. Suppose -3*n = -6, -3*v - 2*n - 8 = -j. Calculate the highest common factor of 55 and v.
11
Let n = -25 - -7. Let q be 4/6 - 6/n. Let u be (-1 + q - 1) + 5. Calculate the highest common divisor of 28 and u.
4
Let y be 14*-2 + (3 - -1). Let v = y + 17. Let w = v - -15. What is the greatest common divisor of 4 and w?
4
Let f(k) = k**3 + 5*k**2 + 2*k + 5. Let r be f(-4). Suppose 372 = r*y - y. Calculate the greatest common divisor of 31 and y.
31
Let g = 87 - 75. Let u = g - -120. What is the greatest common factor of 12 and u?
12
Let a = 8 - 4. Suppose n = 3*m + 171, 5*n + 273 = -4*m + 26. Let l = -22 - m. Calculate the greatest common divisor of a and l.
4
Let m be (-188 + -1)*(6 - (-76)/(-12)). Calculate the greatest common factor of 9 and m.
9
Let x(r) = 5*r - 7. Let i be x(9). What is the greatest common factor of i and 57?
19
Let n(q) = q**3 + q**2 - 4*q + 3. Let k be n(2). Suppose -2*t + 0*g + 84 = 5*g, 0 = 5*g. Calculate the highest common divisor of t and k.
7
Suppose -g = -5 + 2. Let n = -16 - -13. Let p be (g - -1)/(n/(-3)). What is the highest common divisor of p and 16?
4
Let a = -554 + 577. Suppose -2*i - 736 = -6*i. Calculate the highest common divisor of i and a.
23
Let i(s) = 11*s**2 + 3*s + 1. Let z be i(-2). Let c = z + -27. Let f = -6 - -14. Calculate the highest common factor of c and f.
4
Suppose 52 = 3*m + 4*c, -4*m + 43 = -3*c - 43. Calculate the highest common factor of m and 45.
5
Suppose 2*v + 3*v = -20, -4*g = 3*v - 32. Suppose -4*a = 3*u - 128, u = -3*a + 37 + 4. What is the greatest common divisor of g and u?
11
Suppose 5*n = -n + 126. Let w be (44/(-6))/(14/n)*-9. What is the greatest common factor of 33 and w?
33
Suppose -5*n = -3*z + 30, 2*n - 8*z + 5*z = -12. Let a(p) = p + 24. Let f be a(n). Suppose 2*o + 2 = 110. Calculate the greatest common divisor of o and f.
18
Let i = 486 - 118. What is the greatest common divisor of i and 16?
16
Let i = 42 - 6. What is the highest common factor of 234 and i?
18
Let k(c) = -3*c**2 - 123*c + 70. Let p be k(-41). What is the highest common divisor of p and 112?
14
Suppose 3*g + 607 - 3623 = 4*l, 0 = -g - 3*l + 1014. Suppose -d + 1307 = 5*b + 28, 3*d + g = 4*b. Calculate the greatest common factor of b and 17.
17
Suppose 523 = 26*u - 387. What is the highest common factor of 70 and u?
35
Let v(m) = -m**3 + m**2 - 6*m - 3. Let x be v(5). Let b = 145 + x. Calculate the greatest common divisor of 156 and b.
12
Suppose -19 = -7*i - 5. Suppose 5*x = 2*d + 30, -4*x - i*d = -4*d - 24. What is the greatest common divisor of x and 24?
6
Let f be (156/6)/((-1)/(-2)). Let h be 6/(-10) - 12/5. Let v(m) = m**2 + m + 7. Let i be v(h). Calculate the greatest common factor of f and i.
13
Let y = -23 + 41. Let l = 0 - -6. Suppose -2*j = 5*x - 26 - l, 0 = -3*x - j + 19. What is the highest common factor of x and y?
6
Let c(y) = -2*y + 1. Let j be (-10)/15 - (-14)/3. Let i = -8 + j. Let a be c(i). Calculate the greatest common divisor of a and 99.
9
Let a be (1 - 41/(-4))/((-129)/(-344)). What is the highest common factor of a and 105?
15
Suppose -2*w - 6*t = -7*t - 45, 25 = 5*t. Let j(y) = -4*y - 2. Let s be j(4). Let z = w + s. What is the highest common divisor of 21 and z?
7
Suppose -3*m - 2*k + 124 = 0, 2*m - 35 = -4*k + 37. What is the greatest common divisor of m and 110?
22
Suppose -9*b + 40 = -8*b. Let s = b - 64. Let f be (0 - -1)/((-1)/s). What is the highest common factor of 8 and f?
8
Suppose -39*a + 100 = -34*a. What is the highest common divisor of 720 and a?
20
Let f(i) = 90*i**3 - i**2 + 3*i. Let h be f(1). Suppose 4*j - s = -2*s + h, -4*s - 6 = -j. Calculate the highest common divisor of 2 and j.
2
Let r be (-6)/9 + 34922/57. What is the greatest common divisor of 12 and r?
12
Suppose -5*u - 22 = 3, 0 = 4*r + 5*u - 999. What is the greatest common divisor of r and 16?
16
Suppose r = 39 + 41. Calculate the highest common factor of 35 and r.
5
Suppose 907*h - 904*h - 21 = 0. Calculate the greatest common divisor of h and 189.
7
Let q(l) = 36*l**2 + 2*l + 17. Let h be q(-7). What is the greatest common factor of h and 57?
57
Let u(p) = p + 4. Let j be u(-7). Let t be (j/(-2))/((-3)/(-52)). What is the greatest common factor of 65 and t?
13
Let i be 3 + (0/((-16)/(-4)) - 0). Suppose 1076 = 4*l + 5*z, -5*l = i*z - 0*z - 1332. Suppose 57 = 3*w - 15. Calculate the highest common divisor of l and w.
24
Let t = 148 - 97. Suppose -47*n = -t*n + 160. What is the greatest common divisor of 20 and n?
20
Let a(y) = 15*y - 464. Let c be a(32). Let d(v) = -39*v + 4. Let u be d(-4). Calculate the highest common divisor of u and c.
16
Suppose 2*b + 3*t - 72 = 0, -2*b + 3*t + 18 = -54. What is the highest common factor of 60 and b?
12
Let x be (0 - 2) + (-1 - -4). Let b(u) = x + 11*u + 3*u - 3*u - 6*u. Let a be b(3). What is the highest common factor of a and 24?
8
Let r(n) = 2*n + 629. Let q be r(-52). Calculate the highest common factor of q and 300.
75
Suppose -36 = -3*m - 3. Let t(y) = 6*y**2 + 15*y - 17. Let v be t(-7). Let b = v - 51. What is the highest common factor of m and b?
11
Suppose 3*x + 4*b - 3*b - 165 = 0, 2*x - 3*b = 121. What is the greatest common divisor of 7 and x?
7
Let p be (102 - 1) + (-11)/(99/(-27)). Calculate the greatest common factor of 195 and p.
13
Suppose 4*t - 245 = -t. Suppose 0 = -18*d + 12256 - 4318. What is the greatest common factor of t and d?
49
Suppose -3*k + 462 = 5*v - 30, 0 = v + k - 100. Let l(s) = s - 3. Let u be l(27). What is the greatest common divisor of v and u?
24
Suppose -3*q - 3 = -4*q. Let o be (1/(-2))/(q/(-1152)). Let n = -79 + 103. Calculate the highest common divisor of o and n.
24
Let u = -78 - -186. Suppose -206*r + 215*r - 108 = 0. What is the greatest common divisor of u and r?
12
Let a be -4 - (-12*4/(-8) + -54). What is the greatest common factor of a and 16?
4
Let v = 78 - 75. Let c be v/((-9)/69)*(-1 + 0). Let t be 93 - -2*2/(-4). What is the highest common factor of t and c?
23
Let u = 1068 + -978. What is the greatest common divisor of 70 and u?
10
Suppose 4*u + 6*h - 2*h = 468, 5*u - 4*h - 567 = 0. Let x = u + -16. Calculate the highest common factor of 9 and x.
9
Let j = 3020 + -884. What is the highest common divisor of j and 72?
24
Let m be -3*10*(3/(-6) + 1). Let g = m - -27. What is the greatest common divisor of 180 and g?
12
Let i(g) = 6*g - 48. Let m be i(10). Calculate the greatest common divisor of 148 and m.
4
Suppose -5*p = -14 - 1. Let f(w) = 9*w**2 + 0*w**p + 8*w - 5*w**3 + 5*w**3 + w**3 + 6. Let s be f(-7). What is the highest common factor of s and 6?
6
Let z be 0 + (-2)/(-5) + (-12852)/(-45). What is the highest common divisor of z and 39?
13
Suppose 3*o - 195 = -2*o. Suppose 0 = -v + o + 51. Calculate the highest common divisor of v and 18.
18
Let i = 111 + -87. Suppose -3*l + h = -1 - 2, 0 = 5*l - h - 3. Suppose -5*b + 15 + 15 = l. What is the highest common factor of i and b?
6
Let u(v) = -7*v + 7. Let o = 2 - 12. Let k be u(o). Calculate the greatest common divisor of 7 and k.
7
Let h(i) = 59*i - 8. Let d be h(2). What is the greatest common factor of d and 11?
11
Suppose g + 1 = 2*g. Calculate the greatest common factor of 2 and g.
1
Let n be (3/(-6))/(5/(-30)). Suppose -4*m = -3*z - 70, m - 6*z - 22 = -n*z. What is the highest common factor of 24 and m?
8
Suppose -6823 = -26*b + 7633. What is the greatest common divisor of 695 and b?
139
Let t = -1598 + 1686. Let f = 6 + -8. Let v(p) = 6*p**2 + 2*p + 2. Let o be v(f). Calculate the highest common divisor of t and o.
22
Let u(l) = -l**2 + 105*l + 390. Let m be u(60). Calculate the highest common divisor of m and 30.
30
Let b(v) = 5*v - 28. Let y be b(9). Let d(s) = -s**3 + 16*s**2 + 20*s - 7. Let c be d(y). 